460
What is the remainder when 10316342 is divided by 232?
230
Calculate the remainder when 21749 is divided by 1328.
501
Calculate the remainder when 59616 is divided by 460.
276
Calculate the remainder when 145678 is divided by 144796.
882
Calculate the remainder when 3659016 is divided by 693.
669
What is the remainder when 92239275 is divided by 53?
36
What is the remainder when 4401538 is divided by 428?
414
What is the remainder when 1242686 is divided by 637?
536
What is the remainder when 151263754 is divided by 318450?
4
What is the remainder when 9048874 is divided by 2763?
49
What is the remainder when 3311357 is divided by 135?
77
Calculate the remainder when 1190840 is divided by 290.
100
Calculate the remainder when 4744492 is divided by 527156.
88
What is the remainder when 6149700 is divided by 3019?
3016
What is the remainder when 126201 is divided by 790?
591
What is the remainder when 1966702 is divided by 16120?
62
What is the remainder when 92414246 is divided by 15402374?
2
Calculate the remainder when 175135 is divided by 17512.
15
Calculate the remainder when 11030 is divided by 4818.
1394
What is the remainder when 528724 is divided by 176190?
154
Calculate the remainder when 1469401 is divided by 367347.
13
Calculate the remainder when 232687 is divided by 116234.
219
What is the remainder when 1112038 is divided by 277931?
314
Calculate the remainder when 81577 is divided by 644.
433
Calculate the remainder when 402247 is divided by 878.
123
Calculate the remainder when 46122716 is divided by 34.
16
Calculate the remainder when 37179449 is divided by 3330.
3329
Calculate the remainder when 517150873 is divided by 41.
38
What is the remainder when 641866 is divided by 1032?
994
Calculate the remainder when 14095899 is divided by 4727.
4712
Calculate the remainder when 165636 is divided by 1360.
1076
What is the remainder when 687924262 is divided by 8?
6
Calculate the remainder when 16374 is divided by 16292.
82
Calculate the remainder when 4655105 is divided by 4546.
1
Calculate the remainder when 28312 is divided by 5633.
147
What is the remainder when 168550188 is divided by 31?
26
What is the remainder when 1859049 is divided by 236?
77
What is the remainder when 177123 is divided by 176540?
583
What is the remainder when 411645 is divided by 54?
3
What is the remainder when 2016053 is divided by 2015990?
63
Calculate the remainder when 67520830 is divided by 157.
154
What is the remainder when 93263 is divided by 2827?
2799
What is the remainder when 5248999 is divided by 84?
7
What is the remainder when 3185363 is divided by 1673?
1644
What is the remainder when 1037415 is divided by 66?
27
What is the remainder when 20861301 is divided by 32?
21
What is the remainder when 220471 is divided by 1352?
95
What is the remainder when 1755063 is divided by 2777?
2776
Calculate the remainder when 12403135 is divided by 148.
143
What is the remainder when 104972 is divided by 750?
722
What is the remainder when 30894027 is divided by 20596?
27
Calculate the remainder when 51585646 is divided by 4747.
4744
Calculate the remainder when 153391 is divided by 153175.
216
Calculate the remainder when 297070 is divided by 148050.
970
Calculate the remainder when 8467 is divided by 7840.
627
What is the remainder when 8848138 is divided by 28?
26
What is the remainder when 1527671 is divided by 381911?
27
Calculate the remainder when 76932 is divided by 7295.
3982
Calculate the remainder when 73264 is divided by 18207.
436
What is the remainder when 89723054 is divided by 967?
926
Calculate the remainder when 1922494 is divided by 961232.
30
What is the remainder when 8697469 is divided by 263559?
22
What is the remainder when 17165 is divided by 4283?
33
Calculate the remainder when 842658 is divided by 121.
14
Calculate the remainder when 101326168 is divided by 520.
8
Calculate the remainder when 50085611 is divided by 15.
11
Calculate the remainder when 5509261 is divided by 1836415.
16
Calculate the remainder when 338576 is divided by 3554.
946
What is the remainder when 2605 is divided by 2541?
64
What is the remainder when 27045127 is divided by 9407?
2
Calculate the remainder when 68358 is divided by 7199.
3567
Calculate the remainder when 4461495 is divided by 608.
599
Calculate the remainder when 140842 is divided by 489.
10
Calculate the remainder when 3496884 is divided by 1880.
84
What is the remainder when 98430 is divided by 887?
860
Calculate the remainder when 13092318 is divided by 48.
30
What is the remainder when 10679337 is divided by 51?
39
What is the remainder when 428350 is divided by 18622?
44
What is the remainder when 11424 is divided by 309?
300
Calculate the remainder when 120911 is divided by 23667.
2576
Calculate the remainder when 827045 is divided by 10129.
6596
Calculate the remainder when 7789226 is divided by 135.
131
Calculate the remainder when 1848044 is divided by 924012.
20
What is the remainder when 1076696 is divided by 119627?
53
What is the remainder when 48006021 is divided by 238?
231
Calculate the remainder when 2803926 is divided by 3492.
3342
Calculate the remainder when 9673811 is divided by 1411.
1406
What is the remainder when 3112511 is divided by 81?
5
Calculate the remainder when 361566 is divided by 744.
726
What is the remainder when 40527377 is divided by 4637?
4634
Calculate the remainder when 22340 is divided by 22136.
204
Calculate the remainder when 1420592 is divided by 142059.
2
Calculate the remainder when 219929 is divided by 2210.
1139
Calculate the remainder when 983625 is divided by 128.
73
Calculate the remainder when 683832 is divided by 89.
45
Calculate the remainder when 21230 is divided by 6797.
839
What is the remainder when 5208676 is divided by 54?
52
What is the remainder when 10771669 is divided by 154?
139
What is the remainder when 216485 is divided by 108158?
169
Calculate the remainder when 2822183 is divided by 37629.
8
What is the remainder when 395439399 is divided by 16?
7
What is the remainder when 628403 is divided by 814?
809
Calculate the remainder when 38081446 is divided by 7616284.
26
What is the remainder when 1107362266 is divided by 10094?
10090
What is the remainder when 2949408 is divided by 1315?
1178
Calculate the remainder when 2064912 is divided by 187718.
14
What is the remainder when 3090642 is divided by 386?
326
What is the remainder when 8671667 is divided by 79?
74
Calculate the remainder when 98883 is divided by 3528.
99
Calculate the remainder when 1130956 is divided by 10375.
81
What is the remainder when 8045469 is divided by 1217?
1099
Calculate the remainder when 162590 is divided by 19.
7
Calculate the remainder when 9171 is divided by 944.
675
Calculate the remainder when 56738 is divided by 1533.
17
Calculate the remainder when 2381096 is divided by 24.
8
What is the remainder when 83321486 is divided by 1570?
16
Calculate the remainder when 1380178 is divided by 16.
2
What is the remainder when 2919897 is divided by 1360?
1337
Calculate the remainder when 111220661 is divided by 2006.
2003
What is the remainder when 196867 is divided by 844?
215
What is the remainder when 139013 is divided by 34011?
2969
What is the remainder when 490719670 is divided by 2041?
2040
What is the remainder when 103843 is divided by 23?
21
What is the remainder when 71895747 is divided by 257?
254
Calculate the remainder when 72722424 is divided by 4259.
4258
Calculate the remainder when 2592547 is divided by 432090.
7
What is the remainder when 45274 is divided by 152?
130
Calculate the remainder when 17864046 is divided by 1152.
1134
Calculate the remainder when 195449 is divided by 24387.
353
Calculate the remainder when 10954129 is divided by 20475.
4
Calculate the remainder when 119952 is divided by 230.
122
What is the remainder when 2077427 is divided by 590?
37
What is the remainder when 79341 is divided by 1635?
861
Calculate the remainder when 15211994 is divided by 2974.
2958
Calculate the remainder when 29102671 is divided by 31226.
39
What is the remainder when 4704642 is divided by 887?
881
What is the remainder when 42871603 is divided by 31?
29
What is the remainder when 1682474 is divided by 17162?
598
Calcu